ns digit of 3 - (-120 - (1 + -5 - t))?
2
Let v(u) = 3*u**2 - 75*u + 21. Let f be v(31). Suppose -2*p + f - 425 = 0. What is the units digit of p?
7
Let w = -19 + 35. Let t = -782 - -785. Suppose w = -t*z + 229. What is the units digit of z?
1
Let s = -1503 - 163. Let c = s + 2878. What is the units digit of c?
2
Let j = 700 + -697. Suppose 2*k - 2482 = -4*t, 4*t + j*k - 1451 - 1036 = 0. What is the tens digit of t?
1
Suppose -d = 4*y - 4 - 12, -y + 2*d - 5 = 0. Suppose -3*u + 3013 = m + y*m, -m + 748 = -u. What is the tens digit of m?
5
Suppose -8 = -3*b - 4*y - 6, b - 2*y = 4. Suppose 12*q - 2*z = 8*q + 2844, -3*q = -b*z - 2134. What is the hundreds digit of q?
7
Let t(v) = -v**3 - 81*v**2 - 177*v + 172. What is the thousands digit of t(-80)?
7
Let g(o) = 37*o**2 - 1152*o + 59. What is the units digit of g(33)?
6
Let h(s) = -29*s - 3 + 11*s + 9*s + 10*s + 15*s**2. Let k be h(4). Suppose k = 5*p - 104. What is the units digit of p?
9
Let h(l) = -l**3 + 6*l**2 + 4*l + 30. Let t be h(7). Suppose t*w = -5*w + 5684. What is the units digit of w?
6
Let w = 3 + 9. Let z(p) = -69*p - 200. Let i be z(-38). Suppose -w*d + i = -638. What is the tens digit of d?
5
Let f(l) = -13*l**2 - l - 15. Let p be f(-9). Let a = -725 - p. What is the tens digit of a?
3
Suppose i = -29 + 32. Suppose 4*c = -5*v + 1937, c - 3*c + 1163 = i*v. What is the hundreds digit of v?
3
Let v(b) = 345*b + 3668. What is the ten thousands digit of v(37)?
1
Let a = 106 - 49. Let x = a - 13. What is the units digit of x?
4
Let w = 137 + 3146. What is the tens digit of w?
8
Let k(o) = o + 45. Suppose 2*c = -4*y + 86, 0*y - 2*y = -3*c - 31. What is the units digit of k(y)?
5
Suppose -5*h + 4*j = 641, 5*h + 37*j - 36*j = -646. Let y = h - -1256. What is the thousands digit of y?
1
Suppose -27*m = -18*m + 18. Let y(g) = -3*g**3 - 1 - 13*g**3 + 5*g**2 + 0*g + 2 + 5*g. What is the hundreds digit of y(m)?
1
What is the units digit of -3*(-11)/(88/14536)?
1
Let a be (-59194)/153 - (-2)/(-18). Let f = 1586 + a. What is the hundreds digit of f?
1
Let o(h) = 67*h**2 + 3*h + 12. Let i(w) = -67*w**2 - 2*w - 11. Let a(l) = 2*i(l) + 3*o(l). What is the tens digit of a(-2)?
7
Let x = -146 - -137. What is the units digit of x - (-5 + 7 + -6) - -379?
4
Suppose 20 = -3*z - 19. Let x = z - -15. What is the units digit of x/(-7) + 5280/56?
4
Suppose 4*j = -5*g - 68 - 328, -4*j - 16 = 0. Suppose 0 = -3*x + 3*w - 537, -2*x = 3*x + 4*w + 904. Let l = g - x. What is the units digit of l?
4
Suppose -j + 2355 = 4*n - 2693, -j = n - 5057. What is the tens digit of j?
6
Let r = 24283 + 28647. What is the units digit of r?
0
Let t = 40 - 40. Suppose -r + 8 - 3 = t. Suppose -3*n - r*n = -672. What is the tens digit of n?
8
Suppose 3*g - 76102 = 14*c - 10*c, 0 = 3*g + 2*c - 76114. What is the thousands digit of g?
5
Let y be -7153*((3 - -1) + -5). What is the hundreds digit of -1*5*y/(-115)?
3
Let v = 17330 - 8650. What is the units digit of v?
0
Suppose 0 = 8*a - 5 - 27. Suppose -f = a*f - 15, -x - 4*f = -312. Suppose x = -10*q + 13*q. What is the units digit of q?
0
Let q(i) = i**2 + 15*i + 5. Let f be q(-21). What is the hundreds digit of (f/(-3) + 3)*-12?
4
Suppose 4 = -2*h, -5*z + 7 = 2*h - 14. Suppose 0*u - z*v = -2*u + 2901, 4*v + 20 = 0. What is the thousands digit of u?
1
Let y be (2 + 2 - (-5)/(-20))*284. Let x = y + -754. What is the units digit of x?
1
Let p(f) = -f**2 + 11*f - 24. Let t be p(8). Suppose t = 2*z + 3*d - 1, -2*z + 2*d + 22 = -2*d. Let x(l) = 5*l + 4. What is the units digit of x(z)?
9
Let a(u) = 12708*u**3 - 4*u**2 - 21*u + 24. What is the ten thousands digit of a(1)?
1
Suppose 3*i = 7*i + 4*f - 508, -2*i + 4*f + 242 = 0. Suppose -4*n = 2*n - 174. Let p = i - n. What is the units digit of p?
6
Let v = 145 - 135. Suppose 0 = -2*k + 6, t + 6*k - 45 = v*k. What is the units digit of t?
7
Let o = -7 - -122. Suppose 3*f - 130 = -o. What is the units digit of f?
5
Suppose 4*v - 5*v = -a - 10, -2*a - 6 = 0. Let i(x) = 8*x**2 + 10*x - 12. What is the units digit of i(v)?
0
Suppose -4*h - 24600 + 77312 = 0. What is the ten thousands digit of h?
1
Suppose -1530 = 23*l - 18*l. Let t = -108 - l. What is the hundreds digit of t?
1
Suppose -q - 5*t = -34, -2*q + 3*t = -2 - 1. Let d(k) = 2*k**2 + 45*k + 10. What is the units digit of d(q)?
7
Let i be (13/(-26))/(1/(-8)). Suppose -3*k - i*l + 0*l + 24 = 0, -40 = -5*k - 2*l. Let c = 4 + k. What is the tens digit of c?
1
Suppose -n + 0 - 2 = 0, 0 = -3*q + 3*n - 66. Let a = 31 + q. What is the units digit of 224/a*(-17)/(-4)?
6
Let v(o) = 8*o**2 + 244*o - 25. Let h be v(-42). Suppose 0 = 5*u - 5*y - 3825, -6*u - 2*y + h = -u. What is the hundreds digit of u?
7
Suppose 167*p + 40*p - 37*p = 506090. What is the tens digit of p?
7
Let t(j) be the second derivative of -j**5/20 - 13*j**4/12 - 2*j**3 + 5*j**2 - 2*j. Let k be t(-12). Suppose 0 = -13*u + k*u + 117. What is the tens digit of u?
3
Let z(n) = -17*n**3 - 5*n**2 - 18*n + 12. Let r(d) = -10*d + 76. Let m be r(8). What is the hundreds digit of z(m)?
0
Let d be -2 - (1 - 1)/1. Let l(p) be the first derivative of 20*p**3/3 + 3*p**2 + 9*p + 115. What is the units digit of l(d)?
7
Let y(a) = -662*a**2 + 4*a. Let z(p) = -661*p**2 + 6*p - 1. Let d(v) = -4*y(v) + 3*z(v). What is the tens digit of d(1)?
6
Let l = -1303 - -2709. What is the thousands digit of l?
1
Let x(b) = -38*b - 1180. Let d be x(-34). Suppose 0 = -3*z - z + 4. Let k = z + d. What is the tens digit of k?
1
Let f = 9204 + -2215. What is the tens digit of f?
8
Let w = -577 + -399. Let g = 62 - w. What is the hundreds digit of g?
0
Let m = -107 - -682. Let z(c) = -c**3 - c**2 - c + 859. Let k be z(0). Let d = k - m. What is the units digit of d?
4
Let f(l) = l**2 - 24*l - 114. Let w be f(34). Suppose w = c - 5*t, 3*c - 10*t - 734 = -9*t. What is the units digit of c?
6
Let f(o) = -o - 8. Let v be f(-10). Let n(h) = h - 12 + v*h + 2*h + 12*h. What is the tens digit of n(6)?
9
Let m(k) = k**3 - 26*k**2 + 31*k - 9. Suppose 2*u - 27 - 23 = 0. What is the hundreds digit of m(u)?
1
Let p = 55 - 52. Suppose 2 = 4*s - p*s. What is the tens digit of 4410/20 - (-1)/s?
2
Let d = -49 + 59. Let l be (24/d)/(12/60). Let a(g) = 2*g**2 - 20*g + 27. What is the units digit of a(l)?
5
Let f(z) = 686*z**2 - 184*z - 859. What is the hundreds digit of f(-5)?
2
Suppose 0 = -4*l - c - 4*c + 17, 0 = 2*l - 4*c - 2. Suppose l*m + 2*y = 7, -2*y - 3 = 2*m - 7. Suppose 11*j - 938 = -m*j. What is the tens digit of j?
6
Let o be 504/238 - (-4)/(-34). Let h(b) = 12*b + 0 + 13 - b - o*b. What is the units digit of h(7)?
6
Suppose 3*w - 2 = 2*w, -c = 3*w - 14. Suppose -3*r + c = -2*k + 11, 2*k + 3*r - 21 = 0. What is the units digit of (33 + -3)/k + -3?
2
Suppose 27*i - 3949 = 38*i. Let v = -219 - i. What is the units digit of v?
0
Let u(y) = -y**2 - 17*y + 23. Let a be u(-18). Suppose -a*h + 16*h = 198. What is the units digit of h?
8
Let x(l) = 3*l**2 - 3*l - 9. Let n be x(-4). Suppose -3*y + 4*y - 3*m = 138, -5*y + m = -620. Let j = n + y. What is the hundreds digit of j?
1
Let n = -8578 + 12417. What is the tens digit of n?
3
Let l be (9 + 3)*2/4. Let v(r) = 4*r**2 - 14*r - 4. Let c(g) = -5*g**2 + 14*g + 3. Let a(w) = l*v(w) + 5*c(w). What is the units digit of a(-10)?
1
Suppose -29 = -7*r - 1. Suppose r*t - 2*c - 2986 = -228, -2096 = -3*t - 4*c. What is the hundreds digit of t?
6
Suppose 40*v = 69*v - 40*v - 2288. Suppose p = w - 295, -11 = -2*p - 1. Let i = v + w. What is the units digit of i?
2
Suppose 2*v + 33 = 3*f + 3*v, f - 1 = 3*v. Suppose -w + f*w = 9648. What is the units digit of w?
2
What is the units digit of 790/(-237)*6/(-10) + 19052 + 1?
5
Suppose 6*v + 25 = 7*v. Suppose -22*y + v*y = 810. Suppose 77*o = 75*o + y. What is the units digit of o?
5
Suppose 35*s - 30701 = -6096. Let a = s - 381. What is the hundreds digit of a?
3
Let x(a) = a**2 + 6*a + 12. Let u be x(-3). Suppose 8*p = -u*p. Suppose p = -o + 48 + 16. What is the units digit of o?
4
Let y(g) = -12*g**2 + 0*g**3 - 18 + 2*g + 9*g + g**3 + 3. Let u be y(11). What is the units digit of (-461)/(-7) + u/(-105)?
6
Let d(j) be the first derivative of -j**4/4 + 3*j**3 + 9*j**2/2 - 18*j + 99. What is the units digit of d(9)?
3
Let n(r) = 18*r**2 + 4*r - 8. Let g(o) = o**2 - o - 33. Let u be g(7). Let c